4?
False
Is 131 a factor of 21615?
True
Is 756 a multiple of 12?
True
Does 171 divide 3824?
False
Is 1200 a multiple of 40?
True
Does 28 divide 2287?
False
Is 26 a factor of 798?
False
Does 27 divide 40419?
True
Is 2033 a multiple of 13?
False
Does 49 divide 4655?
True
Does 3 divide 351?
True
Does 17 divide 10208?
False
Is 3876 a multiple of 51?
True
Is 1071 a multiple of 6?
False
Does 57 divide 16452?
False
Is 5 a factor of 220?
True
Is 20039 a multiple of 116?
False
Is 15 a factor of 46681?
False
Does 6 divide 17639?
False
Is 24 a factor of 43488?
True
Is 38 a factor of 5890?
True
Is 34 a factor of 1768?
True
Is 24906 a multiple of 144?
False
Is 9 a factor of 1559?
False
Is 97 a factor of 679?
True
Is 14 a factor of 1764?
True
Is 622 a multiple of 87?
False
Is 52 a factor of 104?
True
Is 1870 a multiple of 10?
True
Does 30 divide 12016?
False
Does 15 divide 2700?
True
Does 13 divide 1010?
False
Is 61 a factor of 793?
True
Is 2820 a multiple of 4?
True
Does 4 divide 2303?
False
Does 24 divide 257?
False
Does 18 divide 3039?
False
Is 3 a factor of 165?
True
Is 12047 a multiple of 25?
False
Is 12 a factor of 1475?
False
Is 48 a factor of 6275?
False
Does 43 divide 310?
False
Is 249 a multiple of 6?
False
Does 7 divide 734?
False
Is 6 a factor of 181?
False
Is 495 a multiple of 11?
True
Does 66 divide 364?
False
Is 730 a multiple of 10?
True
Is 1872 a multiple of 52?
True
Is 24 a factor of 483?
False
Is 27009 a multiple of 45?
False
Is 14 a factor of 3479?
False
Is 40 a factor of 2000?
True
Does 17 divide 133?
False
Is 17711 a multiple of 270?
False
Does 91 divide 6461?
True
Does 14 divide 169?
False
Is 14339 a multiple of 186?
False
Is 16 a factor of 1520?
True
Is 3 a factor of 144?
True
Does 4 divide 856?
True
Does 5 divide 2715?
True
Does 86 divide 5948?
False
Is 9 a factor of 1017?
True
Is 71235 a multiple of 45?
True
Is 1394 a multiple of 7?
False
Is 52 a factor of 24443?
False
Does 9 divide 3429?
True
Is 6 a factor of 352?
False
Is 30 a factor of 4260?
True
Does 22 divide 10450?
True
Is 37 a factor of 562?
False
Is 2691 a multiple of 23?
True
Is 463 a multiple of 8?
False
Is 7 a factor of 693?
True
Does 5 divide 40?
True
Does 29 divide 2821?
False
Does 3 divide 6510?
True
Is 39 a factor of 2627?
False
Is 49109 a multiple of 21?
False
Is 1138 a multiple of 10?
False
Is 150564 a multiple of 29?
False
Does 33 divide 5313?
True
Is 2087 a multiple of 8?
False
Is 38 a factor of 18654?
False
Is 36 a factor of 8879?
False
Is 7815 a multiple of 81?
False
Is 542 a multiple of 11?
False
Is 5415 a multiple of 3?
True
Is 61065 a multiple of 31?
False
Is 8 a multiple of 5?
False
Does 16 divide 5447?
False
Is 65 a multiple of 16?
False
Is 96 a factor of 20607?
False
Does 8 divide 646?
False
Is 407 a multiple of 21?
False
Does 3 divide 1660?
False
Is 202 a factor of 22220?
True
Does 54 divide 810?
True
Does 59 divide 1969?
False
Is 1917 a multiple of 71?
True
Does 89 divide 48505?
True
Does 69 divide 1725?
True
Does 2 divide 547?
False
Is 7777 a multiple of 3?
False
Is 636 a multiple of 24?
False
Does 8 divide 4888?
True
Is 5467 a multiple of 7?
True
Does 36 divide 216?
True
Does 47 divide 447?
False
Does 15 divide 98303?
False
Does 33 divide 198?
True
Is 32452 a multiple of 60?
False
Is 93 a multiple of 7?
False
Is 54300 a multiple of 20?
True
Is 7825 a multiple of 36?
False
Is 37349 a multiple of 221?
True
Does 3 divide 1052?
False
Is 6440 a multiple of 7?
True
Is 41 a factor of 2223?
False
Does 9 divide 2101?
False
Does 22 divide 15835?
False
Does 6 divide 46986?
True
Is 8 a factor of 714?
False
Is 17754 a multiple of 22?
True
Does 20 divide 785?
False
Does 7 divide 3648?
False
Is 84540 a multiple of 121?
False
Is 173 a factor of 3979?
True
Is 7 a factor of 476?
True
Is 24 a factor of 5688?
True
Is 45 a factor of 15210?
True
Is 11 a factor of 2750?
True
Is 610 a multiple of 61?
True
Is 78 a factor of 13650?
True
Is 792 a multiple of 6?
True
Is 469 a multiple of 16?
False
Is 166 a factor of 12616?
True
Is 2464 a multiple of 32?
True
Is 1150 a multiple of 23?
True
Does 48 divide 33072?
True
Does 13 divide 420?
False
Does 66 divide 3630?
True
Does 40 divide 591?
False
Is 12 a factor of 684?
True
Is 2415 a multiple of 15?
True
Does 17 divide 5049?
True
Is 4100 a multiple of 97?
False
Does 43 divide 5160?
True
Does 27 divide 459?
True
Is 1204 a multiple of 11?
False
Is 8 a factor of 216?
True
Is 72085 a multiple of 368?
False
Is 6264 a multiple of 87?
True
Is 57900 a multiple of 20?
True
Is 7741 a multiple of 4?
False
Is 8490 a multiple of 10?
True
Does 17 divide 21437?
True
Is 5 a factor of 830?
True
Does 12 divide 12156?
True
Is 4 a factor of 7516?
True
Is 2429 a multiple of 13?
False
Is 8 a factor of 128?
True
Is 1457 a multiple of 31?
True
Does 5 divide 1685?
True
Is 285 a factor of 32734?
False
Does 10 divide 2630?
True
Is 59059 a multiple of 143?
True
Is 9 a factor of 5067?
True
Does 24 divide 24?
True
Does 16 divide 2960?
True
Does 20 divide 1860?
True
Is 4142 a multiple of 19?
True
Is 47 a factor of 531?
False
Is 7 a factor of 4250?
False
Does 36 divide 1152?
True
Does 6 divide 358?
False
Does 16 divide 2288?
True
Is 10 a factor of 13700?
True
Is 371 a multiple of 3?
False
Is 1890 a multiple of 5?
True
Is 80 a factor of 2745?
False
Is 96099 a multiple of 51?
False
Does 74 divide 139860?
True
Does 13 divide 54509?
True
Is 95 a factor of 1403?
False
Does 20 divide 422?
False
Is 810 a multiple of 6?
True
Does 14 divide 3338?
False
Is 3447 even?
False
Is 42 a factor of 82?
False
Is 31 a factor of 5394?
True
Is 17671 a multiple of 2?
False
Is 2592 a multiple of 48?
True
Is 90 a factor of 900?
True
Is 900 a multiple of 100?
True
Does 8 divide 864?
True
Is 490 a multiple of 49?
True
Does 32 divide 9476?
False
Does 8 divide 731?
False
Does 26 divide 1023?
False
Is 10680 a multiple of 6?
True
Is 17856 a multiple of 38?
False
Is 3 a factor of 58?
False
Does 28 divide 17359?
False
Is 28 a factor of 2268?
True
Is 20 a factor of 1738?
False
Does 12 divide 742?
False
Does 11 divide 428?
False
Is 113484 a multiple of 21?
True
Is 8 a factor of 652?
False
Does 42 divide 642?
False
Is 606 a multiple of 6?
True
Is 200 a multiple of 8?
True
Is 34 a factor of 71?
False
Is 11240 a multiple of 20?
True
Is 1463 a multiple of 3?
False
Is 74 a factor of 2220?
True
Is 491 a multiple of 31?
False
Is 14 a factor of 1724?
False
Is 455 a multiple of 7?
True
Does 20 divide 19659?
False
Does 16 divide 8464?
True
Is 7 a factor of 56462?
True
Does 19 divide 1183?
False
Is 216 a multiple of 5?
False
Does 7 divide 1440?
False
Does 8 divide 6992?
True
Is 168 a multiple of 7?
True
Is 13 a factor of 716?
False
Is 15509 a multiple of 15?
False
Is 5 a factor of 1454?
False
Does 14 divide 2778?
False
Does 61 divide 1525?
True
Is 3444 a multiple of 8?
False
Is 143 a factor of 7213?
False
Does 8 divide 144?
True
Does 12 divide 3828?
True
Is 17 a factor of 533?
False
Is 59 a factor of 416?
False
Does 50 divide 12450?
True
Is 17 a factor of 782?
True
Is 2160 a multiple of 60?
True
Does 18 divide 11844?
True
Does 15 divide 747?
False
Is 5 a factor of 665?
True
Does 47 divide 235?
True
Is 17700 a multiple of 118?
True
Is 12 a factor of 153?
False
Is 51 a factor of 10540?
False
Does 9 divide 18999?
True
Is 33812 a multiple of 99?
False
Is 9 a factor of 1220?
False
Is 459 a multiple of 27?
True
Is 812 a multiple of 4?
True
Is 10 a factor of 22?
False
Does 6 divide 10694?
False
Is 31 a factor of 217?
True
Is 22132 a multiple of 7?
False
Is 58 a factor of 1276?
True
Does 286 divide 15158?
True
Is 1418 a multiple of 29?
False
Does 19 divide 2508?
True
Does 5 divide 844?
False
Is 4472 a multiple of 4?
True
Is 280 a multiple of 14?
True
Does 11 divide 1254?
True
Is 8 a factor of 107488?
True
Is 117529 a multiple of 9?
False
Is 10 a factor of 150?
True
Is 144 a factor of 1078?
False
Is 1176 a multiple of 28?
True
Is 171 a factor of 11799?
True
Is 37 a factor of 20288?
False
Is 3717 a multiple of 21?
True
Does 16 divide 1577?
False
Is 20 a factor of 12589?
False
Does 37 divide 4095?
False
Is 3002 a multiple of 79?
True
Is 18 a factor of 6737?
False
Is 20 a factor of 2960?
True
Does 10 divide 1790?
True
Is 32 a factor of 1685?
False
Is 27 a factor of 62647?
False
Does 9 divide 5406?
False
Is 1120 a mul